[INFO] cloning repository https://github.com/PowerSnail/aoc_2020
[INFO] running `Command { std: "git" "-c" "credential.helper=" "-c" "credential.helper=/workspace/cargo-home/bin/git-credential-null" "clone" "--bare" "https://github.com/PowerSnail/aoc_2020" "/workspace/cache/git-repos/https%3A%2F%2Fgithub.com%2FPowerSnail%2Faoc_2020", kill_on_drop: false }`
[INFO] [stderr] Cloning into bare repository '/workspace/cache/git-repos/https%3A%2F%2Fgithub.com%2FPowerSnail%2Faoc_2020'...
[INFO] running `Command { std: "git" "rev-parse" "HEAD", kill_on_drop: false }`
[INFO] [stdout] 2d20ec5471bdd5be788a6ae1ab405b5d776fac43
[INFO] checking PowerSnail/aoc_2020 against master#e6e4f7ed1589e03bc2f6c5931c1a72e7947e8682 for beta-170-4
[INFO] running `Command { std: "git" "clone" "/workspace/cache/git-repos/https%3A%2F%2Fgithub.com%2FPowerSnail%2Faoc_2020" "/workspace/builds/worker-0-tc2/source", kill_on_drop: false }`
[INFO] [stderr] Cloning into '/workspace/builds/worker-0-tc2/source'...
[INFO] [stderr] done.
[INFO] validating manifest of git repo https://github.com/PowerSnail/aoc_2020 on toolchain e6e4f7ed1589e03bc2f6c5931c1a72e7947e8682
[INFO] running `Command { std: CARGO_HOME="/workspace/cargo-home" RUSTUP_HOME="/workspace/rustup-home" "/workspace/cargo-home/bin/cargo" "+e6e4f7ed1589e03bc2f6c5931c1a72e7947e8682" "metadata" "--manifest-path" "Cargo.toml" "--no-deps", kill_on_drop: false }`
[INFO] started tweaking git repo https://github.com/PowerSnail/aoc_2020
[INFO] finished tweaking git repo https://github.com/PowerSnail/aoc_2020
[INFO] tweaked toml for git repo https://github.com/PowerSnail/aoc_2020 written to /workspace/builds/worker-0-tc2/source/Cargo.toml
[INFO] crate git repo https://github.com/PowerSnail/aoc_2020 already has a lockfile, it will not be regenerated
[INFO] running `Command { std: CARGO_HOME="/workspace/cargo-home" RUSTUP_HOME="/workspace/rustup-home" "/workspace/cargo-home/bin/cargo" "+e6e4f7ed1589e03bc2f6c5931c1a72e7947e8682" "fetch" "--manifest-path" "Cargo.toml", kill_on_drop: false }`
[INFO] [stderr]     Blocking waiting for file lock on package cache
[INFO] running `Command { std: "docker" "create" "-v" "/var/lib/crater-agent-workspace/builds/worker-0-tc2/target:/opt/rustwide/target:rw,Z" "-v" "/var/lib/crater-agent-workspace/builds/worker-0-tc2/source:/opt/rustwide/workdir:ro,Z" "-v" "/var/lib/crater-agent-workspace/cargo-home:/opt/rustwide/cargo-home:ro,Z" "-v" "/var/lib/crater-agent-workspace/rustup-home:/opt/rustwide/rustup-home:ro,Z" "-e" "SOURCE_DIR=/opt/rustwide/workdir" "-e" "CARGO_TARGET_DIR=/opt/rustwide/target" "-e" "CARGO_HOME=/opt/rustwide/cargo-home" "-e" "RUSTUP_HOME=/opt/rustwide/rustup-home" "-w" "/opt/rustwide/workdir" "-m" "1610612736" "--user" "0:0" "--network" "none" "ghcr.io/rust-lang/crates-build-env/linux@sha256:19e73879b68f455e41552ea35293514db52ea292d993f571636dbffedb77a1ee" "/opt/rustwide/cargo-home/bin/cargo" "+e6e4f7ed1589e03bc2f6c5931c1a72e7947e8682" "metadata" "--no-deps" "--format-version=1", kill_on_drop: false }`
[INFO] [stdout] 50adb43ec9ac1ad1c382270d27b07350d78b6b1cb0adedf7d686d798017d0ed0
[INFO] running `Command { std: "docker" "start" "-a" "50adb43ec9ac1ad1c382270d27b07350d78b6b1cb0adedf7d686d798017d0ed0", kill_on_drop: false }`
[INFO] running `Command { std: "docker" "inspect" "50adb43ec9ac1ad1c382270d27b07350d78b6b1cb0adedf7d686d798017d0ed0", kill_on_drop: false }`
[INFO] running `Command { std: "docker" "rm" "-f" "50adb43ec9ac1ad1c382270d27b07350d78b6b1cb0adedf7d686d798017d0ed0", kill_on_drop: false }`
[INFO] [stdout] 50adb43ec9ac1ad1c382270d27b07350d78b6b1cb0adedf7d686d798017d0ed0
[INFO] running `Command { std: "docker" "create" "-v" "/var/lib/crater-agent-workspace/builds/worker-0-tc2/target:/opt/rustwide/target:rw,Z" "-v" "/var/lib/crater-agent-workspace/builds/worker-0-tc2/source:/opt/rustwide/workdir:ro,Z" "-v" "/var/lib/crater-agent-workspace/cargo-home:/opt/rustwide/cargo-home:ro,Z" "-v" "/var/lib/crater-agent-workspace/rustup-home:/opt/rustwide/rustup-home:ro,Z" "-e" "SOURCE_DIR=/opt/rustwide/workdir" "-e" "CARGO_TARGET_DIR=/opt/rustwide/target" "-e" "CARGO_INCREMENTAL=0" "-e" "RUST_BACKTRACE=full" "-e" "RUSTFLAGS=--cap-lints=forbid" "-e" "RUSTDOCFLAGS=--cap-lints=forbid" "-e" "CARGO_HOME=/opt/rustwide/cargo-home" "-e" "RUSTUP_HOME=/opt/rustwide/rustup-home" "-w" "/opt/rustwide/workdir" "-m" "1610612736" "--user" "0:0" "--network" "none" "ghcr.io/rust-lang/crates-build-env/linux@sha256:19e73879b68f455e41552ea35293514db52ea292d993f571636dbffedb77a1ee" "/opt/rustwide/cargo-home/bin/cargo" "+e6e4f7ed1589e03bc2f6c5931c1a72e7947e8682" "check" "--frozen" "--all" "--all-targets" "--message-format=json", kill_on_drop: false }`
[INFO] [stdout] c1a271aa02ca2c94c48b218ec72f07495d6d559fbc487f1805f1f905fb134720
[INFO] running `Command { std: "docker" "start" "-a" "c1a271aa02ca2c94c48b218ec72f07495d6d559fbc487f1805f1f905fb134720", kill_on_drop: false }`
[INFO] [stderr]    Compiling num-traits v0.2.14
[INFO] [stderr]    Compiling num-integer v0.1.44
[INFO] [stderr]    Compiling syn v1.0.53
[INFO] [stderr]    Compiling num-bigint v0.3.1
[INFO] [stderr]    Compiling libc v0.2.80
[INFO] [stderr]    Compiling quote v1.0.7
[INFO] [stderr]    Compiling num-iter v0.1.42
[INFO] [stderr]    Compiling num-rational v0.3.2
[INFO] [stderr]    Compiling indexmap v1.6.0
[INFO] [stderr]    Compiling heck v0.3.1
[INFO] [stderr]    Compiling proc-macro-error-attr v1.0.4
[INFO] [stderr]     Checking thread_local v1.0.1
[INFO] [stderr]     Checking regex-syntax v0.6.21
[INFO] [stderr]     Checking atty v0.2.14
[INFO] [stderr]     Checking num-complex v0.3.1
[INFO] [stderr]     Checking regex v1.4.2
[INFO] [stderr]     Checking num v0.3.1
[INFO] [stderr]    Compiling proc-macro-error v1.0.4
[INFO] [stderr]    Compiling clap_derive v3.0.0-beta.2
[INFO] [stderr]     Checking clap v3.0.0-beta.2
[INFO] [stderr]     Checking aoc_2020 v0.1.0 (/opt/rustwide/workdir)
[INFO] [stdout] error: expected `{`, found `}`
[INFO] [stdout]    --> src/day19.rs:139:5
[INFO] [stdout]     |
[INFO] [stdout] 139 |     }
[INFO] [stdout]     |     ^ expected `{`
[INFO] [stdout]     |
[INFO] [stdout] note: the `if` expression is missing a block after this condition
[INFO] [stdout]    --> src/day19.rs:138:12
[INFO] [stdout]     |
[INFO] [stdout] 138 |         if rule.0
[INFO] [stdout]     |            ^^^^^^
[INFO] [stdout] 
[INFO] [stdout] 
[INFO] [stdout] error: expected `{`, found `}`
[INFO] [stdout]    --> src/day19.rs:139:5
[INFO] [stdout]     |
[INFO] [stdout] 139 |     }
[INFO] [stdout]     |     ^ expected `{`
[INFO] [stdout]     |
[INFO] [stdout] note: the `if` expression is missing a block after this condition
[INFO] [stdout]    --> src/day19.rs:138:12
[INFO] [stdout]     |
[INFO] [stdout] 138 |         if rule.0
[INFO] [stdout]     |            ^^^^^^
[INFO] [stdout] 
[INFO] [stdout] 
[INFO] [stdout] warning: unused import: `std::collections::HashMap`
[INFO] [stdout]  --> src/day19.rs:6:5
[INFO] [stdout]   |
[INFO] [stdout] 6 | use std::collections::HashMap;
[INFO] [stdout]   |     ^^^^^^^^^^^^^^^^^^^^^^^^^
[INFO] [stdout]   |
[INFO] [stdout]   = note: `#[warn(unused_imports)]` on by default
[INFO] [stdout] 
[INFO] [stdout] 
[INFO] [stdout] warning: unused import: `std::collections::HashMap`
[INFO] [stdout]  --> src/day19.rs:6:5
[INFO] [stdout]   |
[INFO] [stdout] 6 | use std::collections::HashMap;
[INFO] [stdout]   |     ^^^^^^^^^^^^^^^^^^^^^^^^^
[INFO] [stdout]   |
[INFO] [stdout]   = note: `#[warn(unused_imports)]` on by default
[INFO] [stdout] 
[INFO] [stdout] 
[INFO] [stdout] warning: the feature `iterator_fold_self` has been stable since 1.51.0 and no longer requires an attribute to enable
[INFO] [stdout]  --> src/main.rs:1:12
[INFO] [stdout]   |
[INFO] [stdout] 1 | #![feature(iterator_fold_self)]
[INFO] [stdout]   |            ^^^^^^^^^^^^^^^^^^
[INFO] [stdout]   |
[INFO] [stdout]   = note: `#[warn(stable_features)]` on by default
[INFO] [stdout] 
[INFO] [stdout] 
[INFO] [stdout] warning: the feature `iterator_fold_self` has been stable since 1.51.0 and no longer requires an attribute to enable
[INFO] [stdout]  --> src/main.rs:1:12
[INFO] [stdout]   |
[INFO] [stdout] 1 | #![feature(iterator_fold_self)]
[INFO] [stdout]   |            ^^^^^^^^^^^^^^^^^^
[INFO] [stdout]   |
[INFO] [stdout]   = note: `#[warn(stable_features)]` on by default
[INFO] [stdout] 
[INFO] [stdout] 
[INFO] [stdout] error[E0599]: no method named `insert` found for enum `std::collections::hash_map::Entry` in the current scope
[INFO] [stdout]   --> src/day14.rs:73:33
[INFO] [stdout]    |
[INFO] [stdout] 73 |                 mem.entry(addr).insert(mask.apply_to(value));
[INFO] [stdout]    |                                 ^^^^^^ help: there is a method with a similar name: `or_insert`
[INFO] [stdout] 
[INFO] [stdout] 
[INFO] [stdout] error[E0599]: no method named `insert` found for enum `std::collections::hash_map::Entry` in the current scope
[INFO] [stdout]   --> src/day14.rs:73:33
[INFO] [stdout]    |
[INFO] [stdout] 73 |                 mem.entry(addr).insert(mask.apply_to(value));
[INFO] [stdout]    |                                 ^^^^^^ help: there is a method with a similar name: `or_insert`
[INFO] [stdout] 
[INFO] [stdout] 
[INFO] [stdout] error[E0599]: no method named `insert` found for enum `std::collections::hash_map::Entry` in the current scope
[INFO] [stdout]   --> src/day14.rs:99:37
[INFO] [stdout]    |
[INFO] [stdout] 99 |                     mem.entry(addr).insert(value);
[INFO] [stdout]    |                                     ^^^^^^ help: there is a method with a similar name: `or_insert`
[INFO] [stdout] 
[INFO] [stdout] 
[INFO] [stdout] error[E0599]: no method named `insert` found for enum `std::collections::hash_map::Entry` in the current scope
[INFO] [stdout]   --> src/day14.rs:99:37
[INFO] [stdout]    |
[INFO] [stdout] 99 |                     mem.entry(addr).insert(value);
[INFO] [stdout]    |                                     ^^^^^^ help: there is a method with a similar name: `or_insert`
[INFO] [stdout] 
[INFO] [stdout] 
[INFO] [stdout] error[E0599]: no method named `fold_first` found for struct `FilterMap` in the current scope
[INFO] [stdout]    --> src/day16.rs:118:14
[INFO] [stdout]     |
[INFO] [stdout] 111 | /         my_ticket
[INFO] [stdout] 112 | |             .into_iter()
[INFO] [stdout] 113 | |             .enumerate()
[INFO] [stdout] 114 | |             .filter_map(|(i, v)| match rules[column_rules[i][0]].is_departure {
[INFO] [stdout] ...   |
[INFO] [stdout] 117 | |             })
[INFO] [stdout] 118 | |             .fold_first(|x, y| x * y)
[INFO] [stdout]     | |             -^^^^^^^^^^ method not found in `FilterMap<Enumerate<IntoIter<usize>>, [closure@day16.rs:114:25]>`
[INFO] [stdout]     | |_____________|
[INFO] [stdout]     | 
[INFO] [stdout] 
[INFO] [stdout] 
[INFO] [stdout] error[E0599]: no method named `fold_first` found for struct `FilterMap` in the current scope
[INFO] [stdout]    --> src/day16.rs:118:14
[INFO] [stdout]     |
[INFO] [stdout] 111 | /         my_ticket
[INFO] [stdout] 112 | |             .into_iter()
[INFO] [stdout] 113 | |             .enumerate()
[INFO] [stdout] 114 | |             .filter_map(|(i, v)| match rules[column_rules[i][0]].is_departure {
[INFO] [stdout] ...   |
[INFO] [stdout] 117 | |             })
[INFO] [stdout] 118 | |             .fold_first(|x, y| x * y)
[INFO] [stdout]     | |             -^^^^^^^^^^ method not found in `FilterMap<Enumerate<IntoIter<usize>>, [closure@day16.rs:114:25]>`
[INFO] [stdout]     | |_____________|
[INFO] [stdout]     | 
[INFO] [stdout] 
[INFO] [stdout] 
[INFO] [stdout] error[E0425]: cannot find function `parse_rules` in this scope
[INFO] [stdout]    --> src/day19.rs:145:13
[INFO] [stdout]     |
[INFO] [stdout] 145 |     let r = parse_rules(&mut input[..empty_line])?;
[INFO] [stdout]     |             ^^^^^^^^^^^ not found in this scope
[INFO] [stdout] 
[INFO] [stdout] 
[INFO] [stdout] error[E0425]: cannot find function `parse_rules` in this scope
[INFO] [stdout]    --> src/day19.rs:145:13
[INFO] [stdout]     |
[INFO] [stdout] 145 |     let r = parse_rules(&mut input[..empty_line])?;
[INFO] [stdout]     |             ^^^^^^^^^^^ not found in this scope
[INFO] [stdout] 
[INFO] [stdout] 
[INFO] [stdout] error[E0425]: cannot find function `parse_rules` in this scope
[INFO] [stdout]    --> src/day19.rs:154:13
[INFO] [stdout]     |
[INFO] [stdout] 154 |     let r = parse_rules(&mut input[..empty_line])?;
[INFO] [stdout]     |             ^^^^^^^^^^^ not found in this scope
[INFO] [stdout] 
[INFO] [stdout] 
[INFO] [stdout] error[E0425]: cannot find function `parse_rules` in this scope
[INFO] [stdout]    --> src/day19.rs:154:13
[INFO] [stdout]     |
[INFO] [stdout] 154 |     let r = parse_rules(&mut input[..empty_line])?;
[INFO] [stdout]     |             ^^^^^^^^^^^ not found in this scope
[INFO] [stdout] 
[INFO] [stdout] 
[INFO] [stdout] error: aborting due to 6 previous errors; 2 warnings emitted
[INFO] [stdout] 
[INFO] [stdout] 
[INFO] [stdout] Some errors have detailed explanations: E0425, E0599.
[INFO] [stdout] 
[INFO] [stdout] For more information about an error, try `rustc --explain E0425`.
[INFO] [stdout] 
[INFO] [stdout] error: aborting due to 6 previous errors; 2 warnings emitted
[INFO] [stdout] 
[INFO] [stdout] 
[INFO] [stdout] Some errors have detailed explanations: E0425, E0599.
[INFO] [stdout] 
[INFO] [stdout] For more information about an error, try `rustc --explain E0425`.
[INFO] [stdout] 
[INFO] [stderr] error: could not compile `aoc_2020` (bin "aoc_2020" test) due to 7 previous errors; 2 warnings emitted
[INFO] [stderr] warning: build failed, waiting for other jobs to finish...
[INFO] [stderr] error: could not compile `aoc_2020` (bin "aoc_2020") due to 7 previous errors; 2 warnings emitted
[INFO] running `Command { std: "docker" "inspect" "c1a271aa02ca2c94c48b218ec72f07495d6d559fbc487f1805f1f905fb134720", kill_on_drop: false }`
[INFO] running `Command { std: "docker" "rm" "-f" "c1a271aa02ca2c94c48b218ec72f07495d6d559fbc487f1805f1f905fb134720", kill_on_drop: false }`
[INFO] [stdout] c1a271aa02ca2c94c48b218ec72f07495d6d559fbc487f1805f1f905fb134720
